 of v.
2, 3, 11
Let v(q) = q**2 + 5*q + 9. Let t be v(-9). Suppose -f + 0 - 5 = 0, -2*p + t = -5*f. What are the prime factors of p?
2, 5
Suppose 4*y = -2*h + 162, 0*h + h - 73 = 2*y. What are the prime factors of h?
7, 11
Let z(j) = 6*j - 7. Let k(y) = y**3 + 5*y**2 + 3*y + 2. Let h be k(-4). What are the prime factors of z(h)?
29
Let y(h) = h**2 + 6*h + 3. Let z be y(-6). Suppose z*t + 13 = 40. What are the prime factors of t?
3
What are the prime factors of -1*(-1)/(-3)*(-18 - 63)?
3
Suppose -3*v - 33 = -l, -l + 62 = 3*l + 2*v. Suppose 0 = 5*b + l - 83. Suppose -m + y = -b, 0*m + 5*m - 61 = 4*y. What are the prime factors of m?
3
Suppose 0 = 3*x - d + 19, -3*x - d + 3 = 14. Let y = 0 + 1. Let b = y - x. What are the prime factors of b?
2, 3
Let m = -1 - -6. Let b be 30/m + (2 - 0). What are the prime factors of (-149)/(-7) - b/28?
3, 7
Suppose -5*f - 2 = 4*h - 61, 3*f - 49 = h. List the prime factors of 2/5 - (-249)/f.
17
Suppose 0*x - 6 = 3*x. Let l be (x - -2)/(1 + 1). Suppose l*j + 4*j - 68 = 0. What are the prime factors of j?
17
Suppose 4*v = -5*u + 632, u + u = -5*v + 807. What are the prime factors of v?
163
Let g(a) = a**3 + a**2 - 2*a + 250. List the prime factors of g(0).
2, 5
Let c(q) = q**3 + 6*q**2 - 10*q - 15. List the prime factors of c(-6).
3, 5
Suppose -2*o - 75 = -5*m - 6*o, 5*m - 80 = -3*o. What are the prime factors of m?
19
Suppose 5 = -2*s - 5. Let p(x) = x**2 + 2*x - 4. Let m be p(s). Let w = m + -4. List the prime factors of w.
7
Let m = -1 + 4. Let t be 3/(-9) - (-7)/m. Suppose o = -3*i + 10, o + t*o = 3. List the prime factors of i.
3
Suppose 5 = s - 22. List the prime factors of s.
3
Let a(d) be the first derivative of 3*d**2/2 + d + 4. Let v be a(1). Suppose -y = y - v. List the prime factors of y.
2
Suppose -4*k + 428 = 48. List the prime factors of k.
5, 19
Suppose -2*g + 73 = -0*c + 3*c, -g = c - 25. What are the prime factors of c?
23
Suppose -4*n = -4*o - 3*n + 57, -2*n = -o + 23. Suppose 0 = -3*g - 0*g - 9, -5*x - 3*g - 24 = 0. Let b = x + o. List the prime factors of b.
2, 5
Suppose -4*l = -c + 5, -3*l + c - 5 = 2*l. Let s be l + -1 + (3 - 0). Suppose 4*g + s*d - 32 = 16, -2*g = 4*d - 18. What are the prime factors of g?
13
What are the prime factors of 9 - -46 - (-1 - -7)?
7
Let f be (-2 - 0) + 0 - -4. Suppose -f*p + 16 = 5*g - 3, 12 = 3*p + 2*g. Suppose -4*h + 11 = s, -p*h - 3 = -5*s - 36. What are the prime factors of h?
2
Let f(q) = q - 3. Let l be f(8). Suppose -l*z + 4*c + 96 = 0, 0 = 2*z + 3*c - 13 - 7. List the prime factors of z.
2
Let d = -12 - -21. Suppose -4*w = -d*w + 70. List the prime factors of w.
2, 7
List the prime factors of 6/(-9)*(-738)/12.
41
Let f = 5 + -3. Suppose -48 = -f*r - 2*r. List the prime factors of ((-6)/2)/((-4)/r).
3
Suppose 2*w + 5 = 115. What are the prime factors of w?
5, 11
Let z = -5 - -7. Suppose -z = k - 17. What are the prime factors of k?
3, 5
Suppose 2*p = -0*p + 46. Suppose -d = 6 - p. Suppose -h - n = -5*n + d, -12 = h - 3*n. What are the prime factors of h?
3
Let i(d) = -d**2 - 10*d - 10. Let g be i(-9). List the prime factors of 8 - (-1 + -2 - g).
2, 5
Suppose -5*a - 35 = 5*r, 5*r = -3*a + a - 23. What are the prime factors of (-61)/a + 1/(-4)?
3, 5
Let j(g) = -g - 10. Let w be j(-8). Let h be 5 + 1 + w - 1. Suppose -55 = -h*t - 2*t. What are the prime factors of t?
11
Let i = -345 - -571. List the prime factors of i.
2, 113
Let k = -189 + 568. List the prime factors of k.
379
Suppose -13 = -4*w - 0*z - z, -2*z + 10 = 0. Suppose -2*t + 12 = -w*c - 20, 4*t - 46 = -2*c. What are the prime factors of t?
13
Let u(w) = w**2 + 4. List the prime factors of u(5).
29
What are the prime factors of 280 - -2*(-3)/(-3)?
2, 3, 47
Let a be 2*(-2 + 0 + -4). Let v = 4 - a. What are the prime factors of v?
2
List the prime factors of (-6)/(-30) - (-519)/5.
2, 13
Suppose -41 = -4*w + u, 4*w - 35 = -w - 2*u. Let s = -3 + 3. Let a = w - s. What are the prime factors of a?
3
Suppose 4*t - 40 = r, 8 = -4*t - 2*r + 60. Let u = t + -8. Suppose 5*w - 7 = -u*z + 2, 10 = 2*z + 2*w. What are the prime factors of z?
2
Suppose 185 - 505 = -4*g. What are the prime factors of g?
2, 5
Suppose 9 = 3*u, 0*j + 3*j = -5*u + 30. Let p = j + 10. What are the prime factors of p?
3, 5
Suppose -4*v - v = 20. Let g be (-3)/v - 53/(-4). Let k = g + 6. What are the prime factors of k?
2, 5
Let m = -5 + 24. What are the prime factors of m?
19
Suppose -4*p - k = -16, -k - 4*k - 45 = -5*p. Suppose 0 = f + 4*g - 36, -3*f + p*g + 105 = 2*f. What are the prime factors of (1/(-3))/((-1)/f)?
2
Let a(p) = -392*p**3 - 5*p**2 - 7*p - 2. What are the prime factors of a(-1)?
2, 7
Let f(y) = -y**3 - 8*y**2 + 5*y + 11. List the prime factors of f(-9).
47
Let b(x) = x**3 + x**2 + 2*x - 2. Let o be b(-3). List the prime factors of (-4)/o - 102/(-13).
2
Let w(z) = 4*z - 10. Let t be w(8). Let k = 36 - t. What are the prime factors of k?
2, 7
Let l(m) = -19*m - 9. What are the prime factors of l(-5)?
2, 43
Let f = 281 - 195. What are the prime factors of f?
2, 43
Let s(y) = -y**3 - 4*y**2 - 5*y - 4. Let f be s(-3). Suppose 2 = o + f*v, 5*v + 3 = 2*o - 28. List the prime factors of o.
2
Let h be (-1)/(-2) - 78/12. Let c be 4/h + 8/3. Suppose -c*d = 3*d - 60. List the prime factors of d.
2, 3
Let d be (-5)/((-1)/(-3 + 4)). Suppose -d*c - 15 = 0, -45 = -4*j - 0*j - c. What are the prime factors of j?
2, 3
Suppose -273 = -6*w + 3*w. List the prime factors of w.
7, 13
Let t(i) = -140*i - 4. What are the prime factors of t(-1)?
2, 17
List the prime factors of (-21)/(-2)*(0 - -2).
3, 7
List the prime factors of ((-90)/3)/((6/(-2))/3).
2, 3, 5
Let n = 156 + -98. Let y be ((-3)/(-2))/3*n. Suppose 3 - y = -2*m. What are the prime factors of m?
13
Let y(l) = l**3 + 4*l**2 - l - 4. Let p be y(-3). What are the prime factors of p/(-20)*-5 + 21?
23
Let c(s) = -2*s**3 - 3*s**2 + 2*s + 4. Let z be c(-3). List the prime factors of 10/4*30/z.
3
Let c = -3 - 0. Let y be 2*c*(-4)/8. Suppose y*d - 36 = -0*d. What are the prime factors of d?
2, 3
Suppose 3*f - 4 = 8. Suppose f*s + 30 = 5*s. List the prime factors of s.
2, 3, 5
Let m(c) = c - 11. List the prime factors of m(14).
3
Suppose -10 - 2 = -3*u. Let y(n) = 0*n - n**2 + u*n**2 - n + n**2. What are the prime factors of y(-2)?
2, 3
Let u be -4 - (12/(-3) - 9). Let x(w) be the third derivative of -w**5/60 + 11*w**4/24 - w**3/3 + w**2. What are the prime factors of x(u)?
2
Let x(q) = 3*q - q**2 - 5*q - 2 - 5*q - 3. List the prime factors of x(-5).
5
Let c(a) be the second derivative of -a**3/3 + 29*a**2/2 + 4*a. What are the prime factors of c(0)?
29
Suppose -98 = -2*v - 3*z + 2*z, 0 = 2*v + 2*z - 96. List the prime factors of v.
2, 5
Let o = 20 - 16. List the prime factors of o.
2
Let y(k) = k**3 + 5*k**2 + 4. Let m be y(-5). Suppose 10 + 10 = u. List the prime factors of 9/m + (-5)/u.
2
Let l be 8/(-3 - 1) - -22. Let d = l + -6. What are the prime factors of d?
2, 7
Let p(n) = 3*n + 1. Let g be p(3). Suppose 0 = 3*r + 1 - g. Let f(q) = 3*q. What are the prime factors of f(r)?
3
Let i(m) = 2*m**2 + 8*m + 6. List the prime factors of i(-8).
2, 5, 7
Suppose -5*j - 19 = 5*b - 449, -152 = -2*b + 3*j. Suppose -3*q - 1 = -b. List the prime factors of q.
3
List the prime factors of 6/(4*(-4)/(-24)).
3
Suppose 3*z - 4*y + 2 + 0 = 0, z + 3*y - 8 = 0. Let n(s) = -4*s + z*s - 1 + s - 1. List the prime factors of n(-7).
5
Let l(k) = k**2 + 2*k + 4. List the prime factors of l(-3).
7
Let n(g) = -g**3 + 5*g**2 + g - 2. Let v = -3 + 7. Suppose -v + 29 = 5*j. List the prime factors of n(j).
3
Let t(w) = w**3 + 22*w**2 + 38*w - 28. What are the prime factors of t(-20)?
2, 3
Let h be 3/(9/2 + -3). Suppose -8*l + 22 = h*j - 3*l, -19 = j - 5*l. What are the prime factors of (10 + 3)*j/1?
13
Let j be ((-252)/(-98))/((-3)/(-14)). List the prime factors of j/2 - (-6 + 8).
2
Let w = 55 + -123. Let t = 116 + w. List the prime factors of t.
2, 3
Let p(w) = w + 1. Let d be p(4). Suppose 3*k = 2*r + 58 + 92, 0 = 3*k + d*r - 129. Suppose 5*l - k = 22. List the prime factors of l.
2, 7
Let y = 144 - 103. Let p be (10/(-6))/((-1)/3). Suppose -p*l + y = 1. What are the prime factors of l?
2
Let l(t) = -t**2 + 9*t + 7. Suppose -3*s + 3 = -15. Let a be l(s). Suppose 0*g = -5*g + a. List the prime factors of g.
5
List 